greatest common factor of 24 and j.
3
Let s be 2 + 8/2 + 0. Let f = s + -1. Suppose -10*o = -62 + 12. Calculate the greatest common factor of f and o.
5
Let s(l) = -l**2 - l + 1. Let q(i) = i**3 + 7*i**2 - 5*i + 3. Let c(d) = -q(d) - 4*s(d). Let z be c(-7). What is the highest common divisor of 14 and z?
14
Let q(g) be the first derivative of -g**2/2 - 1. Let b be (-3)/(9/6) + 1. Let x be q(b). Calculate the greatest common divisor of 3 and x.
1
Let i be (12/(-14))/((-3)/21). Let a be (-1)/((-3)/(0 + i)). What is the greatest common factor of 18 and a?
2
Suppose 4*u = -2 + 14. Calculate the greatest common factor of u and 33.
3
Let u be (-1)/((8/26)/(-4)). Let d = -2 + u. Calculate the highest common divisor of d and 1.
1
Let n(k) = k**2 - 3*k - 10. Let x be n(8). Calculate the highest common factor of x and 75.
15
Suppose 34 + 9 = v. Let u = 63 - v. Calculate the greatest common factor of 20 and u.
20
Let t be (6/(-4))/((-1)/38). Let v = 36 + 2. What is the highest common factor of t and v?
19
Suppose 5*w - 10 = 3*w. Suppose -2*s - 3*z = -4*z + 79, 3*s + 129 = w*z. Let a = s - -86. Calculate the highest common factor of 6 and a.
6
Let d(n) = 5*n**2 - 1. Let y be d(-1). What is the greatest common factor of y and 2?
2
Let q be (-2)/7 - (-232)/28. Suppose 3*c = q*c - 25. Suppose -3 = -c*v + 7. Calculate the greatest common divisor of v and 18.
2
Let b = 13 + -6. Suppose -2*n = -0*n - 6. Let i be 16 + (-2)/n*3. What is the greatest common factor of b and i?
7
Let o be (-48)/5*(-230)/4. Suppose 4*v - o = -0*v. Calculate the greatest common divisor of v and 23.
23
Let g be (-10)/3 - 2/(-6). Let n = -5 - g. Let l = n - -5. Calculate the highest common factor of l and 9.
3
Let h(n) = -2*n - 8. Let i be h(-8). Suppose -i*m - 4*w = -4*m - 172, 10 = 2*w. Calculate the greatest common factor of 19 and m.
19
Suppose -q + 224 = -4*y, 0 = -4*q - y - 0*y + 964. Suppose p + 3*p = q. What is the highest common factor of 24 and p?
12
Let i be 3/(-9) + 68/6. Let p be (25 - 32)/(1/(-11)). Calculate the greatest common divisor of i and p.
11
Suppose -5*t = 3*s - 1, 2*t + 2 = -s - s. Let z = -2 - -6. Let c be z - s/6*0. Calculate the highest common divisor of c and 12.
4
Suppose -2*m + m = -12. Let w be 0*(-2 - (-3 + 2)). Let u be (w + -12)*-1*1. Calculate the greatest common factor of u and m.
12
Suppose j + 6 - 7 = 0. Calculate the greatest common divisor of 11 and j.
1
Let p be (13/39)/((-1)/(-54)). Calculate the highest common factor of p and 12.
6
Let l be (8/(-5))/((-2)/10). Let q = 91 - 53. Suppose 0 = -3*n - 5*a + q, 0*n + 5*n - 2*a - 84 = 0. What is the highest common factor of n and l?
8
Let b(k) = k + 11. Let a be b(-11). Suppose -4*c + 2*c + 14 = a. What is the highest common factor of c and 7?
7
Let t(h) = 2*h**3 - 2*h**2 - 2. Let i be t(3). Suppose i + 14 = y. What is the greatest common divisor of 12 and y?
12
Let h(f) = -2*f**3 + 6 + 4*f**3 - 3*f**3 + 3*f - 3*f**2. Let k(i) = -i - 12. Let l be k(-8). Let g be h(l). Calculate the highest common factor of 5 and g.
5
Let z be (0 - 9/2)*-2. Suppose -21*w + 20*w + 18 = 0. Calculate the greatest common factor of w and z.
9
Let x = 13 + -12. What is the highest common factor of x and 7?
1
Let a be 15/9 + (-6)/9. Suppose y + 3*m + a = -1, -2*y + 5*m = -40. What is the highest common divisor of 1 and y?
1
Let a(z) = z + 7. Let n be a(0). Suppose -2*o + 5*m = 3*o + 35, -5*o - 59 = 3*m. Let b be (-2)/(-5) + (-66)/o. Calculate the greatest common divisor of b and n.
7
Let f(a) = a**3 + 2*a**2 + 2*a**2 - 3 + 0*a**3 - 6*a. Let s be f(-5). Let q be 26/2 - (3 - s). What is the greatest common divisor of 96 and q?
12
Suppose -l - 20 = -3*l. Let d(r) = -8*r + 5*r + 2*r**2 - 6*r + 5. Let b be d(7). Calculate the greatest common divisor of b and l.
10
Let y(p) = -p - 3. Let h be y(-8). Let n be 12/(-6)*h*-1. Calculate the highest common factor of 15 and n.
5
Let h = 0 + 4. Suppose 3*v - 2*d - 96 = -5*d, -3*v + h*d + 68 = 0. Let o = 46 - v. What is the greatest common factor of 27 and o?
9
Let w be (-15)/(-3) + 0/2. Let r = 104 - -31. Suppose -3*t = -w*y - r, 0 = -0*y + y + 3. Calculate the highest common factor of 5 and t.
5
Let r be (2/(-4))/((-1)/4). Let t be (-10)/r*3/(-3). Suppose 0 = -t*m, 0 = -4*g - 0*m - 3*m + 308. Calculate the highest common divisor of g and 7.
7
Let a be (-8 + 4)/(2/(-2)). Suppose -36 = -a*v + 8. What is the highest common factor of 22 and v?
11
Let y = -3 + 5. Suppose y*p - 6 - 16 = 0. What is the greatest common factor of p and 77?
11
Suppose -n + 10 + 21 = 0. What is the greatest common factor of 248 and n?
31
Suppose -h + 229 = c + 2*c, 3*c = 2*h + 244. What is the highest common divisor of c and 117?
39
Suppose 0 = 6*n - n + 5. Let k be n/((-75)/(-39) + -2). Calculate the greatest common factor of k and 91.
13
Let r(g) be the second derivative of 2*g**3/3 + 3*g**2 + 10*g. Let y be r(6). What is the highest common divisor of y and 15?
15
Let h(s) = 7*s**2 - 5*s + 4. Let a be 8/2*(-3)/(-4). Suppose 0 = -c - 4*c - 5, -2*p = 5*c - a. Let t be h(p). Calculate the greatest common factor of t and 12.
12
Suppose r - 19 = -4*g, -5*g + 4*r + r = -5. Let q = g + -2. Suppose 0 = q*l + 3*l - 40. Calculate the highest common factor of 8 and l.
8
Let n = 22 + -11. What is the highest common divisor of 55 and n?
11
Suppose 3*s + 3*a = -0*a, 3*s = 2*a + 20. Let y(t) = -t. Let u be y(s). Let z be (u + 0)*63/(-18). Calculate the highest common divisor of z and 98.
14
Let i = 158 + -54. Let v be ((-22)/(-4) - -2)*2. Let o = 28 - v. Calculate the greatest common divisor of i and o.
13
Suppose -5*b - 12 = -8*b. Suppose u - 25 - 31 = -b*g, -68 = -2*u + 3*g. Calculate the highest common factor of u and 5.
5
Suppose 0 = 2*r + 2*h - 54, 3*r - h - 165 = -2*r. What is the highest common factor of r and 32?
32
Let i be 11 + 1/(4 + (-26)/6). What is the highest common divisor of 80 and i?
8
Suppose 4*j - m - 447 = 0, -2*m + 449 = 4*j - m. Calculate the highest common divisor of 16 and j.
16
Let d = 65 + -45. Let m = -69 + 99. Suppose -m = -5*s + 10. What is the highest common divisor of d and s?
4
Suppose -5*y = 5*j - 380, 4*j + j = y + 410. Calculate the greatest common factor of 9 and j.
9
Suppose -4*u = -14 + 6. Let g be -1*(-24)/u - 0. What is the highest common factor of g and 2?
2
Let c(b) = 2*b**3 - 4*b**2 - 3*b + 12. Let s be c(3). Calculate the highest common factor of s and 231.
21
Suppose -6*f + 7*f = 10. What is the greatest common factor of 10 and f?
10
Let q be (18/(-15))/(6/20). Suppose -7*a + 23 = 177. Let o be (-2)/q - a/4. What is the highest common factor of 2 and o?
2
Suppose -4*u + 9*u - 22 = -2*y, y + 3*u = 10. Let b = -7 + 39. What is the greatest common factor of y and b?
16
Let f = -10 + 7. Let y = 0 - f. Let p be (y - 2) + 13 + 0. Calculate the greatest common factor of p and 98.
14
Suppose -3*k - 4*t + 48 = -2*k, 4*t = -5*k + 176. Let o(i) = i**3 - 5*i**2 + 3*i - 6. Let r be o(6). What is the greatest common factor of k and r?
16
Let u be ((-82)/(-6))/(5/15 - 0). What is the highest common factor of 369 and u?
41
Let t be 2/10 + 3/(-15). Let h be 0 + 2 + 218 - t. Let z = h + -124. Calculate the greatest common divisor of z and 12.
12
Let w(u) = -u**3 - 4*u**2 - 8*u. Let l be w(-6). Suppose 3*x - 2*q - 35 = -0*q, -5*x = 3*q - 90. What is the highest common factor of l and x?
15
Let h(s) = s**3 - 6*s**2 + 3*s - 6. Let f be h(6). Suppose -5*t + 0*t + 660 = 0. What is the highest common factor of t and f?
12
Suppose 0 = 4*j + 20 + 16. Let l be 6/(-9) - 14/6. Let v = l - j. Calculate the greatest common divisor of v and 24.
6
Let l = 9 + -6. What is the greatest common divisor of l and 12?
3
Suppose -5*i + 20 = -0*i. Calculate the greatest common factor of 10 and i.
2
Let g(h) = 2*h**2 + 6*h - 20. Let c be g(5). Calculate the greatest common divisor of c and 540.
60
Suppose -8*c + 25 = -3*c. Suppose -c*l - 2*u + 4 = 0, l + u - 17 = 6*u. Calculate the greatest common factor of 5 and l.
1
Let n(d) = 3*d - 2. Let p(h) = -h**2 + 10*h - 5. Let y be p(9). Let v be n(y). What is the greatest common factor of 70 and v?
10
Let m(c) = -2*c - 26. Let a be m(-17). Let i(k) = k**3 + 7*k**2 + 4*k - 8. Let w = -7 - -1. Let t be i(w). What is the greatest common divisor of t and a?
4
Let z be 1341/63 - (-